e factors of r.
5, 29
Let z(p) = p**2 - 8*p + 10. Let s be z(7). Suppose -q + s = 2*h - 14, q - 20 = -h. Let d = 36 - q. List the prime factors of d.
13
Let m be (-3)/6*4 - (-71 - 4). Let u = 113 - m. List the prime factors of u.
2, 5
Let w(u) = 2*u**2 - u. Suppose 4 = 2*g + 5*p, -5*p + 6 = -0*g + 3*g. Let s be w(g). What are the prime factors of (-308)/(-33) + 4/s?
2, 5
List the prime factors of -41 + 40 + (-2)/2 + 2884.
2, 11, 131
Suppose -3*g - 5*d + 41 = 0, 0*d + 8 = -4*d. Suppose 21*j - 724 = g*j. List the prime factors of j.
181
List the prime factors of (-124)/((-8)/8 + (-11)/(-13)).
2, 13, 31
Let b(p) = -2*p + 3. Let o be b(2). List the prime factors of o/((18/20)/(-9))*4.
2, 5
Suppose -154*z - 594 = -160*z. What are the prime factors of z?
3, 11
Let z = 269 + -154. Suppose 4*t - z = 193. What are the prime factors of t?
7, 11
Suppose -20*l = -19*l - 625. What are the prime factors of l?
5
Suppose 32 + 87 = 3*w + z, 0 = -3*w - 3*z + 123. What are the prime factors of ((-5)/(45/(-12)))/(2/w)?
2, 13
Let k(o) be the third derivative of o**5/4 + o**4/8 - 2*o**3/3 - 2*o**2. List the prime factors of k(2).
2, 31
Let o(z) = -z**3 + 9*z**2 + 2*z + 2. Let w be o(9). Suppose -p - 3*p = w, -3*p - 5 = 5*q. List the prime factors of 6/q - (-3 - -2).
2
List the prime factors of (-1 - -6) + (1 + 838 - 4).
2, 3, 5, 7
Let o = 1182 - 774. List the prime factors of o.
2, 3, 17
Suppose -175 = -4*a - a. Let u be (-7)/(4 - 11) + 2. Suppose a = u*p - 64. What are the prime factors of p?
3, 11
Let d(u) = 2*u - 8. Let z = -6 + 12. Let y be d(z). Suppose -64 = -y*k + 196. List the prime factors of k.
5, 13
Suppose 3*q + 49*m - 10824 = 52*m, 4*m = -20. List the prime factors of q.
3, 1201
Let r = -29 - -31. Suppose 348 = 4*o - r*p, -o - 4*p = -2*p - 87. List the prime factors of o.
3, 29
Let r(g) = g + 143. What are the prime factors of r(34)?
3, 59
What are the prime factors of 50 - 1*(-8)/(-2)?
2, 23
List the prime factors of ((-18)/(-8))/(-1*(-3)/1260).
3, 5, 7
Let n = 357 - 329. What are the prime factors of n?
2, 7
Suppose 0 = p + 4 - 23. Suppose 0 = k + 3*u + 20, 4*u - 3*u + 30 = -2*k. Let o = p + k. What are the prime factors of o?
5
Let c(x) = 11*x - 18. Let l(o) = -4*o + 6. Let s(j) = -3*c(j) - 8*l(j). Let y be s(0). Suppose -y*w = -w - 60. List the prime factors of w.
2, 3
Let j be ((-20)/(-8) - 3) + 43/2. Let a = 10 + j. What are the prime factors of a?
31
Let z(i) = i**3 + 10*i**2 - 11*i + 4. Let m be z(-11). Let s be (-9)/(12/m) - -6. Suppose -c = -0*w - s*w - 18, 3*c - w = 86. List the prime factors of c.
2, 3, 5
Suppose x + 4*x = -h + 95, 0 = 4*x - 20. List the prime factors of h.
2, 5, 7
Suppose -745 = -17*n + 9676. What are the prime factors of n?
613
Suppose -65*r + 342 = -59*r. What are the prime factors of r?
3, 19
Let h be (1/(-1))/(1/(-5)). Let n(a) = -a**3 + 6*a**2 - 4*a - 2. Let w be n(h). Let x(y) = y**3 - 3*y**2 + 2. What are the prime factors of x(w)?
2
Suppose 31*k = j + 26*k + 35, -2*j + k = 25. Let i(r) = -5 - r**2 + r**2 - r**2 - 14*r. What are the prime factors of i(j)?
5, 7
Let t(q) = -q**2 + 3 + 2*q + 2 - 10*q. Let s be t(-8). Suppose -4*g - 76 = w - s*w, 3*w - 57 = -g. What are the prime factors of w?
19
Let c be -2 - (-4 - (1 - -1)). Suppose 5*p - 4 - 15 = -c*d, -3*d = -3. Suppose 288 = 7*q - p*q. List the prime factors of q.
2, 3
Suppose -52*n - 1776 = -60*n. What are the prime factors of n?
2, 3, 37
Let h be -1 - (0 + (-2 - 0) - 2). Suppose -4*v + 4 + 4 = 0. Suppose v*f - y = 5*f - 123, 123 = h*f - y. What are the prime factors of f?
41
Suppose 9*x - 19*x + 3110 = 0. What are the prime factors of x?
311
Let n be (-5 - -1)*(-1)/2. Suppose 2*z - m - 373 = 0, n*z - 2*m + 179 = 3*z. List the prime factors of z.
5, 37
Let o(k) = -334*k + 90. List the prime factors of o(-2).
2, 379
Let d(r) = -r. Let p(l) = l**2 + 10*l - 3. Let a be p(-10). Let o be d(a). Suppose -6 = 4*h + 2, o*x - 2*h = 100. What are the prime factors of x?
2
Let s = 704 - 403. What are the prime factors of s?
7, 43
Let z(b) = -61*b - 89. List the prime factors of z(-28).
1619
Let h(i) = -i**3 - 27*i**2 - 27*i + 5. Let d be h(-26). Suppose 28 = d*o - 29*o. What are the prime factors of o?
2, 7
Let h = -1198 + 3348. List the prime factors of h.
2, 5, 43
What are the prime factors of (1248/336)/((-2)/(-1099))?
13, 157
Let q be (186/(-12))/((-2)/(-8)). Let h = 10 + q. Let j = h + 111. What are the prime factors of j?
59
Let m = 5 - 14. Let w be 3/(-9) + 123/m. List the prime factors of w/35 + 124/10.
2, 3
Suppose -2*j - j - 438 = -3*f, 3*j = -3*f + 432. List the prime factors of f.
5, 29
Let s = 17 + -13. Suppose -q + 2*c = -0*c + s, -13 = -5*q - c. Suppose -k + 174 = q*k. List the prime factors of k.
2, 29
List the prime factors of 46/((-3759)/(-749) - 5).
23, 107
Let s = 34 - 54. Let c = 33 + s. Suppose -3*v - 3*t + 136 = c, 132 = 4*v - 4*t. What are the prime factors of v?
37
Let m(w) = 18*w**2 + 7*w - 4. List the prime factors of m(-5).
3, 137
Let s(r) = -r**3 - 30*r**2 - 41*r - 72. List the prime factors of s(-29).
2, 3, 23
Let r(q) = 2*q - 1. Let i be r(3). Suppose -5*m - 2*o - 20 = 0, i*m - 2*o + 20 = 2*o. List the prime factors of (4 + -6)*34/m.
17
List the prime factors of (-9)/((-18)/162 + (-784)/(-7218)).
3, 401
Let f(t) = -4*t - 28. Let x(d) = 19*d + 139. Let p(w) = -11*f(w) - 2*x(w). List the prime factors of p(4).
2, 3
Let w(y) = 89*y**2 - 9*y - 99. What are the prime factors of w(-6)?
3, 13
Suppose -y + f + 504 = 0, 6*f - 512 = -y + 5*f. What are the prime factors of y?
2, 127
Let f = 220 - 93. Let q = 262 - f. List the prime factors of q.
3, 5
Let i(b) = -b**3 - 7*b**2 - 9*b - 5. Let m(k) = -k. Let n be m(-4). Suppose -5*f + 3*d + 10 = 43, -5*f = -n*d + 34. What are the prime factors of i(f)?
13
Let x be ((-10)/(-6))/(-5)*-93. Let s = 92 - x. List the prime factors of s.
61
List the prime factors of (-45)/(-2)*(-108)/(-30).
3
Let u(m) = 23*m**3 - 2*m**2 + m + 2. Let x be u(2). Let p be 4/(4 - 8)*-2. Suppose -p*r + x = r. What are the prime factors of r?
2, 3, 5
List the prime factors of 268280/152 + (-2)/2 + -4.
2, 5, 11
Suppose 10*d + d - 4521 = 0. What are the prime factors of d?
3, 137
Suppose 3 + 0 = d, 2 = -5*y + 4*d. Let z(g) = -8*g + 9 + 4*g**y - 5*g + 1 - 5*g**2. What are the prime factors of z(-12)?
2, 11
Let o be (-4)/20 - 14/5. List the prime factors of (-12)/o + (-15)/(-5).
7
Let t = -6 + 0. Let x be (-22)/33 + (-100)/t. Suppose -v = -2*v + x. What are the prime factors of v?
2
What are the prime factors of -1 + (-4 - -50) + 12/4?
2, 3
Let a = 2479 + 71. List the prime factors of a.
2, 3, 5, 17
Let j = -2576 + 6728. What are the prime factors of j?
2, 3, 173
Let u(h) = -280*h + 282*h - 7 - 13. What are the prime factors of u(22)?
2, 3
Let s be 0/(-2)*(1 - 0). List the prime factors of ((-4)/(-6) + s)/((-4)/(-492)).
2, 41
Let j(c) be the third derivative of 11*c**5/60 + 3*c**4/2 - 7*c**3/6 + 37*c**2. What are the prime factors of j(-6)?
173
Suppose 0 = 7*t - 3*t - 56. Suppose 0 = -t*o + 5*o + 999. What are the prime factors of o?
3, 37
Let y be (-6)/(-15) + 17/(-5). What are the prime factors of (y + 5 - 9)*(-300)/14?
2, 3, 5
Let n(j) = -j**2 + 23*j + 5. Let s be n(16). Suppose s = 4*f - f. Suppose -3*r = -0 - f. List the prime factors of r.
13
Let c = 3077 + -1957. List the prime factors of c/18 - (-6)/(-27).
2, 31
Let n = 19 - 9. Suppose z + 4*z = n. Suppose 5*h + 55 = b, 0*b + 5*b - 252 = z*h. What are the prime factors of b?
2, 5
What are the prime factors of 6 - (-4 + (-308)/1)?
2, 3, 53
Let j be (2 - -1) + (-6)/6. Suppose j*t - 292 = -2*t. List the prime factors of t.
73
Let y = -56 - -57. List the prime factors of (y/3)/(5/150).
2, 5
Suppose 3*k - 5*p + 3 = -2*p, 17 = 4*k + 3*p. Let r be (-32)/1*(-27)/6. Suppose 0 = -2*m - k*m + r. What are the prime factors of m?
2, 3
Suppose 116 = 4*y + 4*m, -2*m = -m - 1. What are the prime factors of -2*231*(-14)/y?
3, 7, 11
What are the prime factors of 3/3*(2 + 1630/2)?
19, 43
Suppose p - 402 = 3*p. Let y = p - -344. List the prime factors of y.
11, 13
Let g = 630 - 8. What are the prime factors of g?
2, 311
Let a = -305 - -495. List the prime factors of a.
2, 5, 19
List the prime factors of 1 + 5087 + 8 + -4.
2, 19, 67
What are the prime factors of (-18)/81 - (-7971)/27?
5, 59
Suppose b